/294). Suppose 9*c = d + g. What are the prime factors of c?
5, 37
Let i = -30 + 54. Suppose -h = -4*h + i. List the prime factors of (2 - h)/((8/41)/(-4)).
3, 41
Let s(x) be the first derivative of x**4/4 - 5*x**2/2 + 3*x - 2. Let y = 2 + 2. What are the prime factors of s(y)?
47
Let w be 2*(-7)/(7/(-6)). Suppose v = -n + 4, 5*v - 2*v - w = 0. Suppose -5*d + d + 2*q + 170 = n, 0 = 4*d - 4*q - 164. What are the prime factors of d?
2, 11
What are the prime factors of 3434 + -19 + 4 + -2?
3, 17, 67
Let r(d) = d - 1. Let p(g) = -5*g + 4. Let j(v) = p(v) + 4*r(v). Let k be j(4). What are the prime factors of (k/6 - -1)/((-4)/(-1956))?
163
Suppose 4*z - 5*s - 32 = 10, 2*s = -2*z + 12. Let c(o) = 95*o - 4. What are the prime factors of c(z)?
2, 3, 7
Suppose 447832 = 45*t + 32*t. What are the prime factors of t?
2, 727
Let i(m) = m**2 + 17*m + 33. Let s be i(-18). Let g = s - 55. Let c(b) = -24*b + 39. What are the prime factors of c(g)?
3, 5
Let x(j) = -j**3 + j**2 - 4*j + 2215. Let n be x(0). Suppose 4*k - 791 = 2*r + 1427, -4*k + n = -5*r. What are the prime factors of k?
3, 5, 37
Let o be (-5)/(-4) + 1/(-4) - -2. Suppose 5*n = m + 1146, o*n - 403 = -3*m + 299. List the prime factors of n.
2, 5, 23
Suppose 3*p + 2*u = 85354, -21994 - 6455 = -p - 3*u. List the prime factors of p.
2, 3, 2371
List the prime factors of -6 - (28/(-16) - 4)/(21/9156).
41, 61
Suppose 0 = -4*y + 12 + 4. Suppose 2 = -r + y*m - 2, 1 = -4*r + m. Suppose r = x + 12 - 31. What are the prime factors of x?
19
Suppose 32*y = 75*y - 239682. What are the prime factors of y?
2, 3, 929
Let l(s) = s**2 - 36*s + 68. Let v be l(34). Suppose -f + 4*n - 6*n = -543, -4*f + 4*n + 2184 = v. List the prime factors of f.
5, 109
Let w(l) = l**3 + 9*l**2 - 2*l - 8. Let t be w(-9). Suppose 0 = -15*k + 10*k + t. Suppose 5*v = v - 12, k*v = 3*d - 471. What are the prime factors of d?
5, 31
Suppose 65*k + 132 = 59*k. What are the prime factors of (k/3*-3)/(10/85)?
11, 17
Suppose -38860*t + 763496 = -38841*t. List the prime factors of t.
2, 5023
Let b be 2/11 - 90768/(-264). Suppose 2*t - b = 120. What are the prime factors of t?
2, 29
Suppose -1300 = 7*f - 3*f. Let u = 485 + f. Suppose -4*y = -6*y + u. List the prime factors of y.
2, 5
Suppose k - 2 = -m + 13, 5*m - 42 = -2*k. Suppose 500 = -13*a + k*a. Let w = -133 - a. List the prime factors of w.
3, 13
Suppose 6804*x = 6830*x - 2089542. What are the prime factors of x?
3, 7, 43, 89
Suppose -3 = -8*z - 19. Let m be (11/22)/(6/(-4) - z). List the prime factors of 3*(-292)/(-16) - m/(-4).
5, 11
List the prime factors of (-5)/((-25)/(-15))*-9839*(3 - 2).
3, 9839
Let i(p) = -p - 6. Suppose -52*v + 54*v + 16 = 0. Let k be i(v). Let s(w) = 8*w**3 + 2*w**2 + 2*w - 2. List the prime factors of s(k).
2, 37
Let o = 71 - 414. Let u = o + 1011. What are the prime factors of u?
2, 167
What are the prime factors of 1*176015/30 - (-15)/18?
2, 3, 163
Let g = 174693 - 103545. What are the prime factors of g?
2, 3, 7, 11
Let d(n) = 22*n + 102. Let y(p) = 2*p + 1. Let s(m) = 3*d(m) + 24*y(m). What are the prime factors of s(5)?
2, 3, 5
Suppose -175*q = -183*q + 49496. What are the prime factors of q?
23, 269
Let y = 469 + -191. What are the prime factors of 70/40*(-12)/(-14)*y?
3, 139
Suppose 30*w = 33*w - 2*t - 25998, -4*w + t = -34654. List the prime factors of w.
2, 61, 71
Let z = 61573 + -35787. List the prime factors of z.
2, 12893
Let q be (3 + (-15)/(-5))/(6/(-9)). Let y(s) = 4*s**2 + 22*s + 12. List the prime factors of y(q).
2, 3, 23
Let v(n) = -5*n**2 - 13*n + 29. Let r be v(-11). Let f = -83 - r. What are the prime factors of f?
2, 5, 7
Let v = 11075 - -3341. List the prime factors of v.
2, 17, 53
Suppose 0 = -5*f + 3*q + 145, 88 = 3*f + 2*q - 4*q. Suppose f*c = 19595 + 1439. What are the prime factors of c?
809
Let h = -276 + 126. Let d = -45 - h. What are the prime factors of d?
3, 5, 7
Suppose -12633 = -4*s - 3*b, -3*s - 3*b = -721 - 8756. Let h = s + -32. What are the prime factors of 4/(-3) - h/(-12)?
7, 37
Let z(f) = f**2 + 12*f - 106. Let h be z(-18). Suppose 9*c = -h*c + 7920. List the prime factors of c.
2, 3, 5
Let x be -10 - (-10 + 192/2). Let t be (-9)/((-2)/(30 + 0)). Let q = t + x. What are the prime factors of q?
3, 13
Let g(z) = -2*z**2 - 2*z + 3. Let v be g(2). Let s(l) = 7*l**2 + 43*l + 3. List the prime factors of s(v).
3, 61
Let q(p) = 3*p**3 + 18*p**2 - 6*p + 5. Let c be q(-7). Let d = c + 1407. What are the prime factors of d?
1307
Let y(n) = -n**2 - n + 4. Let z be y(0). Let v(q) = 9*q**2 - q - 1. Let h(k) = -11*k**2 - k + 4. Let x(i) = -2*h(i) - 2*v(i). List the prime factors of x(z).
2, 37
Let j be (-9)/((-36)/20) + -5. Let m be 4 + -1 - 10/(-5). Suppose m*o - 179 - 121 = j. List the prime factors of o.
2, 3, 5
Let z be (-19566)/(-14) - 28/49. Suppose 6*t = 191 - z. Let l = -144 - t. List the prime factors of l.
3, 19
Suppose 4*m = -258 - 818. Let x = -21 - m. Let a = x - 154. List the prime factors of a.
2, 47
Let l(x) = -6*x**2 + 7*x + 49. Let k be l(17). What are the prime factors of (k/(-145))/(-2 + (-41)/(-20))?
2, 3
Let v(y) = 6*y + 696. Let o(t) = -t - 116. Let s(n) = -39*o(n) - 6*v(n). What are the prime factors of s(0)?
2, 3, 29
Let i be 1635/(-6)*(5/25 + -1). Suppose 4*n - 130 = 278. Suppose 3*y - a = i, 0 = 4*y - 4*a - 186 - n. What are the prime factors of y?
73
Suppose -7*u + 2231 = 75. What are the prime factors of 681/7 - 11/u*8?
97
Suppose 13862 = 2*f - 2648. List the prime factors of f.
5, 13, 127
Let m be 70/6 + (7 - 140/21). Suppose m*o + 260 = 16*o. List the prime factors of o.
5, 13
Suppose 25 = h + 5*r + 7, 5*h + 4*r - 48 = 0. Suppose 0 = -h*w - 5951 + 17863. What are the prime factors of w?
1489
Let b(w) = w**2 - 2. Let a(l) = -l**2 - 9*l + 20. Let u be a(-11). Let m be b(u). What are the prime factors of 0 + -134*m/(-4)?
67
Let x = -1722 + 2979. Suppose 6*j = 1101 + x. List the prime factors of j.
3, 131
Let a = 1157 + -156. List the prime factors of a.
7, 11, 13
Suppose -173 = -3*u + 343. Let j = u + -55. List the prime factors of j.
3, 13
Let a(w) = -w - 8. Let m be a(-5). Let k be (1 + m)*-8*32. Suppose 2*d + 2*i - 340 = 0, 0 = -3*d + i - 3*i + k. What are the prime factors of d?
2, 43
Suppose 70*z + 5*z + 56752 = 4312777. List the prime factors of z.
56747
Suppose -36472 - 51878 = -6*d. List the prime factors of d.
5, 19, 31
Let r(m) = m + 4. Let p = -205 + 298. Let d = p - 81. What are the prime factors of r(d)?
2
Suppose 0 = 9*b - 14*b + 210. Suppose -6175 = -b*g + 8861. List the prime factors of g.
2, 179
Let d(r) = 2*r - 6. Let a = -34 + 39. Let x be d(a). Suppose -2*z + 12 = -5*z, -x*y + 476 = 2*z. What are the prime factors of y?
11
Suppose -5*k = 5*j - 0*k - 8265, -4*j = -4*k - 6620. List the prime factors of 14/(-63)*3 + j/6.
5, 11
Suppose 3*r - 19947 = -5*j, -95*j = 2*r - 90*j - 13308. List the prime factors of r.
3, 2213
Let o(l) = -54*l - 2959 + 1391 + 1457. What are the prime factors of o(-13)?
3, 197
Let w(m) be the third derivative of -41*m**4/12 + m**3 + 17*m**2. Let o be w(-2). Suppose 2*c = h + o, 269 = -c + 4*c - 5*h. List the prime factors of c.
83
Suppose 19*b = 46*b - 199773. List the prime factors of b.
7, 151
Let g = -202 + 32912. What are the prime factors of g?
2, 5, 3271
Suppose -82*s - 81966 = -292214. What are the prime factors of s?
2, 641
Suppose x - 25 = 222. Let r = 510 - x. What are the prime factors of r?
263
Suppose 5*y - 219605 = -83804 + 274279. What are the prime factors of y?
2, 11, 233
Suppose 0 = -5*i - 5*k + 34200, 0 = -5*i + 6*i + 5*k - 6820. List the prime factors of i.
5, 37
Suppose 0 = 6*c + 3*c - 360. Let p be (-4)/(-10) - (-2)/(c/92). Suppose x + m = 37, -97 = -5*x + p*m + 88. List the prime factors of x.
37
Let v(s) = s**3 + 6*s**2 + 6*s + 6. Let o be v(-5). Let l be (-50)/5 - (-11 + -2 + -82). Suppose -o - l = -k. What are the prime factors of k?
2, 43
Let a be -6*(15/(-10) - (-1 - 0)). What are the prime factors of (-7 - -4)/(a/3) - -832?
829
Suppose -85*j + 3003583 = 18*j. What are the prime factors of j?
11, 241
Suppose 0 = 15*b - 11774 - 52591. Suppose b - 1150 = 9*j. List the prime factors of j.
349
Let m(a) = a + 9. Let z be m(-3). Let h = z + -7. Let g(x) = -113*x**3 + 2*x**2 + 2*x + 1. What are the prime factors of g(h)?
2, 3, 19
Let l(w) = 